23 - 912) + (0 - (-2 + 1))).
-44
-22 + (-27 - (-106 + 1)) + -12
44
Calculate (13 - 12) + 2 + (-6 - 3 - 19).
-25
What is -26 + -14 + (82 - 81)?
-39
What is (-6 - 39) + 165 - 82?
38
Evaluate 22 + 76 + -60 + -65.
-27
-1 - 0 - (15 + -4) - (31 - (-11 + 42))
-12
What is the value of -88 - (-48 - -22 - 17)?
-45
Calculate 69 - (83 + -79 + 66).
-1
-31 + 48 + -37 + 61
41
Evaluate 42 + -8 + (69 - 65) + -90.
-52
Calculate -609 + 471 + (0 + 48 - 7).
-97
Calculate (155 - 64) + -32 + 0 + 28.
87
-9 + 0 + (12 - -67) + -63 + -1 + 48
54
85 + -50 + -55 + 68
48
What is (13 - -1) + (7 - (21 + 1)) + -4?
-5
Calculate -47 + (-50 - -153 - 188).
-132
What is -41 + 1 + (-1049 - -1046)?
-43
What is the value of 150 - (-86 - (97 + -281))?
52
What is the value of (-5180 - -5226) + 5 + -5 + 0 + -5?
41
What is the value of (20 - 120) + 26 - (-4 + -9 + 10)?
-71
7 + 1 + (-5 - -6) - (-1 - (-12 + 52))
50
Calculate (5 - ((-18 - -8) + 3)) + 18 + -14.
16
Calculate 6 + -9 + (6 - 0 - (138 + -105)) + 12.
-18
What is -37 + -22 + 41 + -44 + 33?
-29
Evaluate 1 - -61 - (4973 + -4930).
19
Evaluate -85 + 67 + (97 - 86).
-7
Evaluate 74 - (-58 + 103) - -40.
69
What is 24 - (-14 + 2 + -37 + 52)?
21
What is -8 + 19 + -3 + -37 - 26?
-55
What is the value of (-6 - 0) + (584 - 642)?
-64
Evaluate 13 + 6 - (-101 - -186).
-66
What is the value of (-21 - -81) + 37 + 4 + -40?
61
(6 - 2 - (-20 - -23)) + -12 + -9 + -3
-23
85 + (-25 - 3 - 179)
-122
-15 - -33 - (-8 - (21 + -60))
-13
17 + -7 - 34 - -34
10
Evaluate -9 - -1 - (0 + -1 + (-3 - -14 - -27)).
-45
Calculate (-20 - (7 + -9)) + (-4 - (-2 + 3)).
-23
Evaluate -1 + 12 + 93 + -12 + -116.
-24
What is the value of (24 - -2 - 6) + (-2077 - -2061)?
4
Evaluate (5 + (-2 - 0) - (151 - 15)) + -2 + -2.
-137
What is 9 - (11 + (1 - 13)) - (-7 + 6 - -5)?
6
What is -11 + (7 - (23 + 72 + -9))?
-90
-50 - -28 - -30 - (-24 + 6)
26
(114 - (30 + -15)) + 0 + (-10 - 2)
87
Evaluate (128 - 36) + -71 - (-12 + 1).
32
-31 - (-11 - ((49 - 67) + -13 + 3))
-48
What is the value of (4 - 1) + (128 - 29) + -94?
8
Calculate (-199 - -238) + (9 - 6 - 4).
38
Calculate 2909 - 2923 - (4 + -2 - -22).
-38
32 + (-45 - (-45 + -6))
38
33 + (-46 + 55 - 6)
36
What is 10 - ((3 - (1 - -6)) + -178 + 159)?
33
Calculate (-103 - -31) + 213 - 76.
65
13 + -15 + (2 - (-3 + 13)) + 4 + 32
26
Calculate (30 - (239 - 44)) + 39.
-126
-5 + 18 + -8 + -33 + 1 + (-8 - -2)
-33
(-188 - -190) + (-2 - -2) + 2 + 15 + 27
46
What is the value of (0 - -6) + (-13 - 1 - (199 - 289) - 17)?
65
What is (32 + -1 - (-20 + 23 + 14)) + -81?
-67
-20 + 46 + (-49 - -11) - (-70 - 1)
59
Calculate (5 - (27 - 17 - -15)) + -4 + 1 + 11.
-12
What is -2 - (0 - 13) - (141 + -63 + (39 - -7))?
-113
What is the value of (-5 - 5 - -15) + 23 - -13?
41
What is the value of 117 + -76 + -7 + 14?
48
-1 + 11 + -3 + -19 - (25 + -1)
-36
What is (27 - 10 - (84 - 7)) + (-5 - -4)?
-61
What is the value of 4334 + -4416 + -79 + 6?
-155
Calculate 36 - (171 - (-54 - -114)) - (-2 - 1).
-72
11 - ((7 - -36) + (-99 - -34))
33
(-48 - -26 - 0) + (4 - -48)
30
What is 1 + (-91 - -102 - (14 + -3 + -1)) + 90?
92
Evaluate 31 + 15 - (-25 + 8 + -10 + 6).
67
Calculate -11 - (18 - -15 - 4) - -21.
-19
19 + 10 + -10 - (-15 - -72)
-38
Calculate -15 - -87 - (-1 + 5).
68
What is the value of -58 + 2 + (47 - 16)?
-25
Calculate (-32 + 23 - 5) + -52 - (-2 + 22).
-86
Evaluate (-1 - -101) + (-4742 - -4625).
-17
Calculate 3 + (5 - 0) - (-44 + (-33 - -110)).
-25
What is (-20 - 18 - 20) + (-9 - -4)?
-63
Evaluate (-1 + (-5 - 19 - -15) - -31) + (0 - -8).
29
What is (1 - (-33 - -5)) + (17 - -6) + -10?
42
-6 + 0 + (2 + -13 - (-425 + 274))
134
Evaluate 105 - ((-19 - -77) + -8).
55
Evaluate 31 + -36 + -8 + -31.
-44
What is 330 + -386 + 5 + -4 + 8 + 6 + -3?
-44
What is the value of -9 + 51 + (17 - 12) + (-2 - 10)?
35
What is -16 - (-14 - -2) - -18 - 43 - -14?
-15
Evaluate -22 + -1 - (9 + -90 + 62).
-4
What is the value of -77 + 61 - (-82 + -7)?
73
Evaluate 40 + -28 - (20 + -29).
21
(654 - 781) + 6 + 2 + -27
-146
Calculate -10 - -5 - 22 - (222 + -238).
-11
What is the value of 10 + -46 - (58 - 142)?
48
What is -15 - (-1124 + 1140 - (-5 + 0))?
-36
Calculate -17 + 56 + -56 + -10.
-27
Evaluate (-4 - (-25 - -39)) + 38.
20
Calculate (2 + -3 - (-86 - -95) - 0) + (-41 - 0).
-51
What is -6 + (7 - 5 - 5) - ((3 - -16) + 9)?
-37
What is the value of 94 - (64 + (-130 - -142))?
18
What is the value of (-4 - (6 + -25)) + -8 + 6 + -12 + -36?
-35
Calculate -28 - ((-222 - -210) + (4 - (4 + -11))).
-27
-3 + 3 - -2 - (-16 + -19 + 79) - -3
-39
What is (16 - (14 + -33)) + -27?
8
Calculate (-7 + -2 - (160 - 54)) + 35.
-80
Evaluate (98 - ((15 + -6 - 41) + 9 + 14)) + -14.
93
What is (39 - -27 - (2 - 7 - 7 - -1)) + -2?
75
-4527 + 4528 + -1 + -1 + -19
-20
Evaluate -24 - (23 + -95 + 22).
26
What is the value of 23 - (14 + -22 + 22 - 4)?
13
Evaluate 21 + 0 + (-51 - (-99 + 135)).
-66
Evaluate 63 + (-39 - -18) - -19.
61
(2 - 33) + (50 - (-14 + 35))
-2
Evaluate -46 - -67 - 38 - (-32 + 2).
13
Calculate -18 + -44 + -19 + 19 + 24.
-38
What is 5 - (-65 + -26 - (-15 + -3))?
78
What is 12 + 4 + 535 + -513?
38
What is the value of -6 - 27 - (21 - (20 + 32))?
-2
What is the value of 1 - (12 - -1) - (-155 + 90 + 66)?
-13
Calculate (-3 - -8) + (-22 - (6 + (-2 - 16))).
-5
What is 284 - -25 - 54 - 122?
133
Calculate -15 + (-4 - 2 - -3) - ((-32 - -40) + -3).
-23
Evaluate 133 + -138 + 11 + -18.
-12
151 + -87 + -172 + 94
-14
Calculate -93 + 4 + (82 - -5) + -61.
-63
Evaluate 30 + -34 + 19 + -13 + -18.
-16
Evaluate (4 - -9) + (-37 + 60 - -20).
56
What is -38 + 0 + 34 + 6 + (11 - 0)?
13
Evaluate (24 + -4 - (-154 - -142)) + -15.
17
What is (9 - 5 - 5) + -71 + -123 + 114?
-81
Calculate -5 + (24 - (6 + 2 - (171 + -56))).
126
-23 + 51 + (6 - -2) - 144
-108
1 + -27 - (-103 - (89 - 161))
5
Calculate -58 - (-29 - -4) - -2.
-31
What is 73 - -8 - (-33 + 155)?
-41
What is 4 + 0 + (-20 + 77 - 49)?
12
Calculate (-141 - 2) + -2 - ((-1130 - -1176) + -3 + -53).
-135
What is -18 + 8 + -22 + (74 - -1)?
43
Evaluate (15 + -24 - 5) + (30 - 65) + (-4 - -5).
-48
What is -7 + 7 + 11 + -5 - (-34 + 9 + -11)?
42
What is (-44 - 3 - -42) + -1 + -1 + 3?
-4
What is (10 - (3 + -4 + -1)) + (-158 - -192)?
46
Calculate 31 - ((-11 - -34) + 0 + -8) - (99 - -2).
-85
What is 16 + 19 + -18 + 82 + (-6 - 11)?
82
What is -96 + 2 - (43 - ((-31 - -87) + -13))?
-94
What is -70 - (9 + (-46 - -30 - -9))?
-72
What is (150 - (-9 + (14 + -28 - -8)) - 11) + -11?
143
Evaluate -9 + 7 + (372 + -348 - ((2 - 2) + 4)).
18
Calculate -19 + 0 + (-5 - (11 + -10) - -4).
-21
Evaluate (199 + -95 - 132) + -39.
-67
-23 - (44 - (53 + -33))
-47
What is (-65 - -75) + -52 - 3?
-45
Evaluate 33 - (-35 - (0 - 33)).
35
What is the value of -36 + 69 + -107 - (1 - (11 + -19))?
-83
What is (-15 - (-4 - (0 + 7))) + -62 - -6?
-60
Calculate 15 + 35 + -93 + 78.
35
(-45 + 32 - -8) + 29
24
What is -119 - -106 - (21 + 5) - (3 - 5)?
-37
Evaluate 0 - (8 + (0 - -29) + -55).
18
Calculate (64 - 85) + 97 - -18.
94
What is the value of 24 - (57 - (-81 - -19))?
-95
Evaluate (-99 - -92) + (0 - (-1 - -3)) + 40.
31
(-15 - 4) + 28 + -6 + 11 - -33
47
Evaluate 98 + 11 + -78 + (-32 - -2).
1
(-28 - -14) + -8 + 9 + 12 - 63
-64
What is (-3 - (-11 + 15 + -20)) + -14?
-1
Calculate 34 + 16 + -28 + 25.
47
17 + -12 + -11 + -15 - -4
-17
60 + (-79 - (-122 + 75) - (1 - 14))
41
Evaluate (-119 - -57) + 1 + 3 + 7.
-51
Calculate 91 - (301 + -125) - -147.
62
What is -1 + 2 - (21 - (24 + -16 - 10))?
-22
Calculate 773 + -889 + (186 - -3).
73
Calculate 150 - ((-38 + -27 - -67) + 7 + -3).
144
-49 - (-6 - 15) - (-10 + -9)
-9
Calculate -20 - (23 - (73 - 11)) - -5.
24
Evaluate 3 + 12 + 6 + 11 + 1 + -22.
11
What is (-3 + 3 - 76) + (-4645 - -4652)?
-69
Evaluate (20 - (18 - 16)) + -32 + -53.
-67
104 + -74 + -13 + (-45 - 1)
-29
What is -381 + 293 + -13 + -43?
-144
Calculate -31 + -25 + 5 + 29 + 23.
1
What is the value of (4 - (16 + 11 + -72)) + (-2 - (0 - 0))?
47
Calculate (-24 + -8 - -6 - (51 - 68)) + 7.
-2
(4 - (5 + -16)) + (-18 - -16) + -104 + 1
-90
What is (-1 + 36 - 22 - -2) + -64?
-49
Calculate 12 - 0 - 44 - (3 - (-2 - 5)).
-42
Calculate 30 + (-117 - (-113 - -72)).
-46
(20 - 3 - 3) + (-1 - -4)
17
Evaluate 53 + (102 - 184) + (2 - 1 - 2 - -11).
-19
Evaluate 14 - (-3 - (-2 - -14)) - -29.
58
What is 64 + 3 + -6 - (-1308 - -1290)?
79
(-61 - (127 + -171)) + (0 - -44)